75.
5, 7
What are the prime factors of 869?
11, 79
What are the prime factors of 2624?
2, 41
What are the prime factors of 5266?
2, 2633
What are the prime factors of 319?
11, 29
List the prime factors of 4616.
2, 577
List the prime factors of 1050.
2, 3, 5, 7
What are the prime factors of 1686?
2, 3, 281
List the prime factors of 12709.
71, 179
List the prime factors of 42411.
3, 67, 211
What are the prime factors of 13206?
2, 3, 31, 71
List the prime factors of 1859.
11, 13
List the prime factors of 2824.
2, 353
What are the prime factors of 36042?
2, 3, 6007
List the prime factors of 4922.
2, 23, 107
What are the prime factors of 9940?
2, 5, 7, 71
List the prime factors of 4659.
3, 1553
What are the prime factors of 28687?
28687
List the prime factors of 873.
3, 97
List the prime factors of 92484.
2, 3, 7, 367
What are the prime factors of 736?
2, 23
What are the prime factors of 1467?
3, 163
List the prime factors of 1057.
7, 151
List the prime factors of 4419.
3, 491
List the prime factors of 9101.
19, 479
List the prime factors of 921.
3, 307
What are the prime factors of 2319?
3, 773
List the prime factors of 1754.
2, 877
List the prime factors of 2014.
2, 19, 53
What are the prime factors of 180681?
3, 229, 263
List the prime factors of 3688.
2, 461
List the prime factors of 636.
2, 3, 53
What are the prime factors of 7338?
2, 3, 1223
List the prime factors of 3406.
2, 13, 131
List the prime factors of 9073.
43, 211
What are the prime factors of 2898?
2, 3, 7, 23
List the prime factors of 252.
2, 3, 7
What are the prime factors of 9888?
2, 3, 103
What are the prime factors of 91030?
2, 5, 9103
What are the prime factors of 5141?
53, 97
What are the prime factors of 24171?
3, 7, 1151
List the prime factors of 43989.
3, 11, 31, 43
List the prime factors of 49317.
3, 17, 967
What are the prime factors of 3015?
3, 5, 67
What are the prime factors of 16162?
2, 8081
List the prime factors of 3976.
2, 7, 71
List the prime factors of 406.
2, 7, 29
What are the prime factors of 2403?
3, 89
List the prime factors of 6771.
3, 37, 61
What are the prime factors of 25809?
3, 7, 1229
List the prime factors of 2678.
2, 13, 103
List the prime factors of 5642.
2, 7, 13, 31
What are the prime factors of 27246?
2, 3, 19, 239
List the prime factors of 430.
2, 5, 43
What are the prime factors of 94823?
94823
List the prime factors of 14885.
5, 13, 229
List the prime factors of 1416.
2, 3, 59
What are the prime factors of 4820?
2, 5, 241
What are the prime factors of 6940?
2, 5, 347
What are the prime factors of 170?
2, 5, 17
List the prime factors of 55389.
3, 37, 499
List the prime factors of 2186.
2, 1093
What are the prime factors of 37142?
2, 7, 379
List the prime factors of 117409.
137, 857
List the prime factors of 1260.
2, 3, 5, 7
What are the prime factors of 24381?
3, 7, 43
List the prime factors of 1571.
1571
What are the prime factors of 4673?
4673
List the prime factors of 1269.
3, 47
List the prime factors of 1987.
1987
List the prime factors of 1695.
3, 5, 113
List the prime factors of 6695.
5, 13, 103
What are the prime factors of 1720?
2, 5, 43
List the prime factors of 3633.
3, 7, 173
What are the prime factors of 54890?
2, 5, 11, 499
List the prime factors of 36351.
3, 7, 577
List the prime factors of 6941.
11, 631
List the prime factors of 4757.
67, 71
What are the prime factors of 19081?
19081
What are the prime factors of 35940?
2, 3, 5, 599
What are the prime factors of 497?
7, 71
List the prime factors of 21860.
2, 5, 1093
What are the prime factors of 2749?
2749
What are the prime factors of 550?
2, 5, 11
What are the prime factors of 2884?
2, 7, 103
List the prime factors of 13882.
2, 11, 631
What are the prime factors of 4064?
2, 127
List the prime factors of 4697.
7, 11, 61
What are the prime factors of 15572?
2, 17, 229
What are the prime factors of 22?
2, 11
What are the prime factors of 12055?
5, 2411
List the prime factors of 328.
2, 41
What are the prime factors of 50425?
5, 2017
What are the prime factors of 153?
3, 17
What are the prime factors of 123469?
37, 47, 71
What are the prime factors of 119934?
2, 3, 2221
What are the prime factors of 480?
2, 3, 5
List the prime factors of 35718.
2, 3, 5953
List the prime factors of 2524.
2, 631
What are the prime factors of 5023?
5023
List the prime factors of 57169.
7, 8167
List the prime factors of 44577.
3, 13, 127
What are the prime factors of 22675?
5, 907
List the prime factors of 765.
3, 5, 17
List the prime factors of 37971.
3, 4219
List the prime factors of 1221.
3, 11, 37
What are the prime factors of 30365?
5, 6073
List the prime factors of 1101.
3, 367
List the prime factors of 589.
19, 31
List the prime factors of 4934.
2, 2467
What are the prime factors of 49221?
3, 1823
What are the prime factors of 941?
941
What are the prime factors of 147783?
3, 49261
List the prime factors of 3205.
5, 641
What are the prime factors of 43871?
19, 2309
List the prime factors of 4002.
2, 3, 23, 29
List the prime factors of 35694.
2, 3, 661
What are the prime factors of 3525?
3, 5, 47
List the prime factors of 3224.
2, 13, 31
What are the prime factors of 117335?
5, 31, 757
What are the prime factors of 5650?
2, 5, 113
What are the prime factors of 1876?
2, 7, 67
What are the prime factors of 1352?
2, 13
What are the prime factors of 5171?
5171
List the prime factors of 287.
7, 41
List the prime factors of 106111.
29, 3659
What are the prime factors of 1512?
2, 3, 7
What are the prime factors of 1661?
11, 151
What are the prime factors of 589?
19, 31
List the prime factors of 52379.
52379
List the prime factors of 11540.
2, 5, 577
What are the prime factors of 1430?
2, 5, 11, 13
What are the prime factors of 48790?
2, 5, 7, 17, 41
List the prime factors of 15516.
2, 3, 431
What are the prime factors of 479?
479
What are the prime factors of 30373?
7, 4339
List the prime factors of 120278.
2, 60139
What are the prime factors of 22828?
2, 13, 439
What are the prime factors of 6848?
2, 107
What are the prime factors of 2162?
2, 23, 47
List the prime factors of 1977.
3, 659
What are the prime factors of 1708?
2, 7, 61
What are the prime factors of 2920?
2, 5, 73
List the prime factors of 3112.
2, 389
List the prime factors of 5019.
3, 7, 239
What are the prime factors of 413?
7, 59
What are the prime factors of 21211?
21211
List the prime factors of 159660.
2, 3, 5, 887
List the prime factors of 52867.
29, 1823
What are the prime factors of 777?
3, 7, 37
List the prime factors of 867.
3, 17
What are the prime factors of 2199?
3, 733
List the prime factors of 18667.
11, 1697
List the prime factors of 3772.
2, 23, 41
What are the prime factors of 13707?
3, 1523
What are the prime factors of 6675?
3, 5, 89
List the prime factors of 275.
5, 11
What are the prime factors of 34?
2, 17
List the prime factors of 17616.
2, 3, 367
List the prime factors of 50001.
3, 7, 2381
List the prime factors of 45989.
45989
What are the prime factors of 17326?
2, 8663
List the prime factors of 151060.
2, 5, 7, 13, 83
List the prime factors of 14186.
2, 41, 173
List the prime factors of 16813.
17, 23, 43
What are the prime factors of 44980?
2, 5, 13, 173
What are the prime factors of 2059?
29, 71
What are the prime factors of 21709?
17, 1277
List the prime factors of 2544.
2, 3, 53
List the prime factors of 3591.
3, 7, 19
What are the prime factors of 420?
2, 3, 5, 7
List the prime factors of 18309.
3, 17, 359
What are the prime factors of 629?
17, 37
What are the prime factors of 10844?
2, 2711
List the prime factors of 34817.
37, 941
List the prime factors of 1002.
2, 3, 167
What are the prime factors of 22?
2, 11
What are the prime factors of 1361?
1361
List the prime factors of 4016.
2, 251
List the prime factors of 15609.
3, 11, 43
List the prime factors of 4369.
17, 257
What are the prime factors of 5550?
2, 3, 5, 37
List the prime factors of 486.
2, 3
List the prime factors of 1729.
7, 13, 19
List the prime factors of 87018.
2, 3, 14503
List the prime factors of 301.
7, 43
What are the prime factors of 9599?
29, 331
What are the prime factors of 11738?
2, 5869
What are the prime factors of 142271?
142271
What are the prime factors of 19547?
11, 1777
List the prime factors of 150830.
2, 5, 15083
Wh